-l**3 + 37*l**2 + 41*l - 115. Suppose 0 = -52*o + 2119 - 143. Let g be q(o). Determine m(g).
-3
Let p = 61 + -69. Let v(n) be the first derivative of -3*n**2 + 4*n - 1056. What is v(p)?
52
Let d(k) = k**3 + 7*k**2 - 6*k - 37. Suppose 4*j - v = -22, 8*v - 13*v - 30 = 0. Calculate d(j).
5
Let a(b) = -b**3 - 8*b**2 + 6*b - 18. Let w be (-2)/8 - (-160)/(-1152)*63. What is a(w)?
9
Let m(q) = 83*q + 1163. Let v be m(-14). Let g(o) = -3*o + 3. Calculate g(v).
0
Suppose 0 = -4*g + g + 15. Let f(o) be the first derivative of 18 - 6*o**2 + o + 13*o**2 - g*o**2 - 1. Determine f(3).
13
Let z(q) = q**3 - 8*q**2 - q + 3. Let j = 273 + -626. Let b = j + 361. What is z(b)?
-5
Let z(i) = 38*i**2 - i**3 - 11*i + 37*i**2 + 32*i**2 - 11 - 114*i**2. Determine z(-5).
-6
Suppose 8*j = -236 + 228. Let m(o) = 21*o**2 + 1. What is m(j)?
22
Let l(z) be the first derivative of 0*z - 1/2*z**2 + 50 + 2/3*z**3. Give l(1).
1
Let m be (-18)/5*(-590)/177. Let j(h) be the third derivative of -h**6/120 + h**5/5 - h**3/6 - 74*h**2 - 1. Determine j(m).
-1
Let j(f) be the second derivative of -f**6/180 - f**5/60 + f**4/24 - 79*f**3/6 - 23*f. Let i(b) be the second derivative of j(b). Determine i(-2).
-3
Let y(r) = r**2 - 11*r - 1. Suppose 13*h - 3*h = -40. Let c(g) = -4*g**2 - 20*g - 10. Let z be c(h). Calculate y(z).
-31
Let g be (-3 + 1)*(-9 - -12)/(-6). Let z(w) = 8*w**2 + 7*w. Let y(t) = -23*t**2 - 20*t. Suppose 5*c = 3*c - 12. Let o(j) = c*y(j) - 17*z(j). What is o(g)?
3
Let b(m) be the first derivative of -3*m**2/2 - 9*m + 5239. Suppose -f + 3*p - 4 = 0, 4*p = -5*f - 0*p - 39. What is b(f)?
12
Let n(o) = -o - 794 + 388 + 397. Suppose -4*k - 48 = 4*y, 4*y = -3*k + 5*y - 40. Calculate n(k).
4
Suppose -5*u - 6933 + 6988 = 0. Let o(v) be the second derivative of -v**3/6 + 3*v**2 - 3*v. Determine o(u).
-5
Let h(t) = -21*t**2 + 23*t**2 - 509 + 496. What is h(0)?
-13
Suppose -175 = -27*k + 2*k. Let g(t) = 3*t - 17. Let u(a) = a - 8. Let o(d) = 2*g(d) - 5*u(d). Calculate o(k).
13
Let b(c) be the first derivative of -43 - c + 1/2*c**2. Let d be (-10)/45 - 43/9. What is b(d)?
-6
Suppose 5*s - 24 = -a, s = a + 219 - 207. Let u(t) = -35*t**2 + 209*t + 5. Determine u(s).
-1
Let d(c) be the third derivative of -c**6/15 - c**5/60 - c**4/24 - 9*c**2. Let z = -950 - -949. Calculate d(z).
8
Let i = -32 + 23. Suppose 32*l - 12*l - 2720 = 0. Let u(m) = -138*m**2 - 9*m - 130*m**2 + 403*m**2 - l*m**2. Give u(i).
0
Let m(b) = -b**2 - 2*b + 4. Let y(f) = f**2 + 3*f + 1. Let c be y(0). Suppose -5*d + 4 = -c, -5*w - 17 = -2*d. Calculate m(w).
1
Let t = 218 - 208. Suppose 0 = -o + 3*o - t. Let u(h) = -3*h + 7. Calculate u(o).
-8
Let w(y) = 10*y**2 + 59*y + 3. Let x(l) = 14*l**2 + 88*l + 3. Let c(t) = 10*w(t) - 7*x(t). Determine c(9).
-63
Let i(q) = -q**3 + 7*q**2 - 2*q + 1. Suppose r + 3*m - 1 = -6, 2*r - 4*m = -10. Let n be (r - -5) + (10 - (-3)/(-1)). Calculate i(n).
-13
Let a = -175 + 174. Let s(y) be the second derivative of -9*y**5/20 - y**4/12 + y**3/6 + y**2/2 + 2*y - 25. Determine s(a).
8
Let n be ((-3)/12)/(91/(-2275)) + 18/(-8). Let l(x) = -15*x + 60. What is l(n)?
0
Let x(g) = -11*g**2 - g + 2. Let o be x(0). Let u(k) = 64*k**3 - 63*k**3 + 8 + o*k + 5*k**2 - 12. Determine u(-5).
-14
Let z(h) = -59*h**2 + 236*h + 6. Let s be z(4). Let j(i) = -5*i + 41. Give j(s).
11
Let t be 120/(-112) - 0 - (-23)/322. Let l(w) = -123*w + 1. Give l(t).
124
Suppose 12 = -2*i - 4*a, i + 3*i + 4*a = -16. Let o(h) = -7*h + 8. Let m(l) = -38*l + 39. Let t(s) = i*m(s) + 11*o(s). Calculate t(6).
4
Let d be 13 - 15/(135/252). Let p(m) = 6*m + 8. Determine p(d).
-82
Let z be 6/15*(-14 - 1). Let f(c) = -c - 73. Calculate f(z).
-67
Let l be (-8)/(-5)*15/6. Suppose 0*m + 19 = l*m - 3*b, 4*m = b + 17. Let g(r) = -2*r + 6. Let s(c) = -2*c + 3. Let j(a) = -2*g(a) + 3*s(a). What is j(m)?
-11
Let n be (145/87)/(2 + (-7)/6). Let i(j) = -j**2 - 17*j + 38. Determine i(n).
0
Let p(f) be the first derivative of 8*f**3/3 + 6*f**2 + 8*f - 4564. What is p(-4)?
88
Let j be (-1)/((2/3)/(28 - 30)). Suppose 0 = -3*m + u + 18, -2*m - 6 = -j*m - u. Let g(s) = -6*s - 3. What is g(m)?
-39
Let n(v) = -1799*v + 3616*v - 135 - 142 - 1801*v. Calculate n(17).
-5
Let h(m) be the first derivative of -m**4/4 - 4*m**3/3 + 11*m**2/2 - 2*m + 57. Let p be h(-6). Let y(g) = g - 2*g - 3*g + 2*g + g**2 - 5. What is y(p)?
3
Let c = 6 - 8. Let g(r) = -r**3 - 68*r - 32. Let a(p) = -p**3 - 58*p - 27. Let m(y) = 7*a(y) - 6*g(y). Give m(c).
7
Let f = 42 - 45. Let t(p) = 2*p + 3. Let r(b) = b + 1. Let n(o) = -13*r(o) + 6*t(o). Let x(l) = -l**2 - 2*l + 6. Let u(y) = f*x(y) + 4*n(y). Give u(-2).
10
Let s(y) = 7*y - 1. Suppose 11*r - 3053 = 2557. Let b = r - 507. Calculate s(b).
20
Let f(o) = -o + 2 + 1 + 2 - 4. Suppose -8*a + 490 = -3*a. Let p = a - 92. Give f(p).
-5
Let f(b) = 2*b**2 + 1. Let m be f(5). Let d = -47 + m. Suppose d*p + 0*w = -4*w - 48, -2*p + 3*w = -1. Let s(h) = h**2 + 8*h + 2. Determine s(p).
-5
Suppose 9 = -4*n + 7*n. Let s(v) = -1. Let o(f) = 3*f**2 + 2*f**2 - 4*f**2 - f - 8. Let g(b) = o(b) - 6*s(b). Determine g(n).
4
Let u(f) = -4*f - 2. Let z(t) = 3*t - 30. Let w(j) = -2*u(j) + z(j). Determine w(2).
-4
Let d be (5/(45/(-198)))/((-1)/(-6)). Let m = d - -138. Let x(j) = j**2 - 6*j - 4. Give x(m).
-4
Let x(q) = q**3 - 8*q**2 + 7*q. Let h be ((-6)/(-9))/((-6)/(-450)). Let s be 20/h + 193/5. Let w = -32 + s. Give x(w).
0
Suppose -m = -36 - 16. Let p(a) = -23*a - 1 + 9 + m*a - 28*a. Let k(n) = -3*n**2 - 10*n + 2. Let s be k(-4). Calculate p(s).
2
Suppose 48*n + 33711 - 33279 = 0. Let y(d) = -3*d**3 + 4*d**3 - 7 + 9*d**2 + 2*d - 4*d. Give y(n).
11
Let b(g) = -g + 1. Let l(s) = -3*s**2 + 2*s**2 - 16 + 26 + 2*s**2 - 7*s. Let u be l(5). Suppose 27*r - 32*r + 35 = u. Give b(r).
-6
Let w(y) = -y**2 + 24*y - 53. Let a(f) = 4*f**3 + 27*f**2 - 12*f - 13. Let d be a(-7). Calculate w(d).
-9
Let w(d) = -7*d - 2. Let l(k) = 22*k + 6. Let z(m) = -5*l(m) - 16*w(m). Let f = 283 + -289. Give z(f).
-10
Let u(v) = -5*v - 5*v - 1 - 6. Let r(p) = -251853 + 503696 - 3*p - 251845. Let n(t) = 7*r(t) - 2*u(t). Give n(4).
-4
Suppose -3*g = -4*g + n + 21, 0 = -4*n. Let b(j) = 2*j - 43. What is b(g)?
-1
Let r(x) = -x**2 - 30*x - 31. Let u be r(-29). Let m(t) = -7*t - 1. Let f(d) = -15*d - 1. Let j = -2 + 0. Let y(q) = j*f(q) + 5*m(q). Give y(u).
7
Let r = -221 + 223. Suppose -2*t - r - 3 = 3*o, -4*t + o = 3. Let s(l) = -l**2 - 5*l - 1. Determine s(t).
3
Suppose -239*p + 664 = -322*p. Let a(k) = 5*k**2 + 36*k + 7. Determine a(p).
39
Let z = 593 + -600. Let h(m) = -9*m + 6. What is h(z)?
69
Let h(c) be the second derivative of c**3 - 7*c**2/2 - 47*c + 3. What is h(-3)?
-25
Suppose 5*u - 5*o = 0, u + 50 = 6*o + 5*o. Let q(w) be the second derivative of 19*w + 0 + 5/6*w**3 + 2/3*w**4 - u*w**2 + 1/20*w**5. What is q(-7)?
4
Let b(f) = -4*f**2 - 12*f + 4. Let c(d) = d + 0*d + 7*d**2 - 15*d**2 + 9*d**2. Let m be 1 - (0 - -2 - 0). Let h(k) = m*b(k) - 5*c(k). Calculate h(6).
2
Let o = 146 - 144. Let q(h) = 2*h - 7*h**2 + 1 + 9*h**o - 7*h**2. Determine q(-1).
-6
Suppose -5*w = -3*w - 2*i + 20, -5*i - 10 = w. Let b be (-7)/(-70)*-62 + 8/w. Let s(r) = -r**3 - 7*r**2 + 3*r - 3. Give s(b).
-24
Let t(n) = n**2 + 646237*n - 3 - 6 - 2*n**2 - 646226*n. Determine t(11).
-9
Suppose 16*l - 140 - 30 - 198 = 0. Let z(k) = -k + 50. Give z(l).
27
Let u(k) be the third derivative of k**6/120 + 2*k**5/15 + k**4/3 - 17*k**3/6 + 21*k**2 + 6*k + 13. Determine u(-5).
18
Let y = -447 - -453. Let v(n) = -4*n**2 - 2*n**2 + 4*n + n**2 + 7*n**2 - 5 - 3*n**2. Give v(y).
-17
Let o(m) = 2*m - 13. Suppose 14*c - 3558 - 1510 = 0. Suppose f = -c + 377. Determine o(f).
17
Let t(j) = -3 - j - 18*j**2 - j**3 + 20*j**2 + j**2. Let y = 551 + -549. Give t(y).
-1
Suppose -s - 2*q + 11 + 47 = 0, 2*s = 5*q + 134. Let b = 65 - s. Let f be (b - 1)/((4 - 5) + 2). Let i(v) = 13*v - 2. Give i(f).
24
Let g(b) be the third derivative of -b**4/12 + b**3/6 + 2*b**2. Let o(i) = -i**3 + 47*i**2 + 50*i - 98. Let t be o(48). Give g(t).
5
Let v(w) = w**2 + 37*w + 234. Let m be v(-8). Let y(r) = -2*r + 9 + r**m + 2 - 47 + 37. Suppose -5*l - 2*z = -8, 0 = 4*l + l + 4*z - 6. Calculate y(l).
1
Suppose -9*p + 3 = -m - 5*p, -2*m - 3*p + 16 = 0. Let z(v) = 5*v - 13. Give z(m).
12
Let i(t) = -t**2 + t + 5. Let m(b) = -2*b**2 - 22*b - 54. Let c